3?
-14243
In base 13, what is -5c - -10?
-4c
In base 16, what is da - 3?
d7
In base 10, what is -62191 - 2?
-62193
In base 15, what is 3 - 161?
-15d
In base 7, what is 430 + -4?
423
In base 9, what is 5 + 134?
140
In base 2, what is -110 - -101101011?
101100101
In base 14, what is 8b5 - 7?
8ac
In base 14, what is 3dd - 0?
3dd
In base 4, what is -102 + 3?
-33
In base 8, what is -1073 - 1?
-1074
In base 13, what is 2 - -806?
808
In base 13, what is -3 + -c?
-12
In base 4, what is -2 - 10331?
-10333
In base 9, what is 513 + 5?
518
In base 16, what is -1b8 - 0?
-1b8
In base 4, what is 13 + 22?
101
In base 16, what is 35 - 1f?
16
In base 2, what is 1110110 + 1?
1110111
In base 4, what is -12 + -3103?
-3121
In base 7, what is -2 + -44?
-46
In base 2, what is -1011 + -101000?
-110011
In base 8, what is 3 + 5653?
5656
In base 9, what is 32551 - -1?
32552
In base 9, what is -60 + 6?
-53
In base 10, what is -5 + 37?
32
In base 14, what is -18 + -4c?
-66
In base 8, what is 751 - 4?
745
In base 5, what is -10 - -2120?
2110
In base 7, what is 0 - 13?
-13
In base 4, what is -2 + -323?
-331
In base 2, what is 10001 - -1010010101?
1010100110
In base 16, what is 6 - e?
-8
In base 6, what is 2 - -41?
43
In base 10, what is -3 + 44?
41
In base 7, what is -350 - -4?
-343
In base 9, what is -4 - -1775?
1771
In base 13, what is -4 - -a?
6
In base 15, what is 0 + -142?
-142
In base 13, what is 1 - 4cb?
-4ca
In base 2, what is -101110101 + 10000?
-101100101
In base 4, what is 22 - 23023?
-23001
In base 9, what is -2 + 48?
46
In base 8, what is -1 - 3546?
-3547
In base 15, what is 4 - 161?
-15c
In base 14, what is 3 + 1805?
1808
In base 2, what is 1101111 - 1000?
1100111
In base 10, what is -4 - 1523?
-1527
In base 6, what is -1341 + -1?
-1342
In base 2, what is -10100 - 100000010?
-100010110
In base 9, what is 130 + -13?
116
In base 15, what is -5 - -163e?
1639
In base 3, what is -1021110 + 0?
-1021110
In base 12, what is 15 - -168?
181
In base 10, what is 358 + 3?
361
In base 8, what is -32 + -20?
-52
In base 15, what is -1b - 6?
-22
In base 2, what is 1010100 + 11?
1010111
In base 7, what is 3 + -60?
-54
In base 10, what is -3 + -214?
-217
In base 5, what is -2 + -200?
-202
In base 7, what is 30 - 12?
15
In base 2, what is 10001001111 - 11?
10001001100
In base 13, what is -3 + 2bb8?
2bb5
In base 2, what is -101000101 - -10?
-101000011
In base 14, what is -17 - -c8?
b1
In base 3, what is 1012022 - -1?
1012100
In base 7, what is -360 + 3?
-354
In base 3, what is -11002 + 11?
-10221
In base 10, what is 6 - -182?
188
In base 12, what is 12 - -a?
20
In base 5, what is 4 + 2430?
2434
In base 5, what is -4 - -3402?
3343
In base 9, what is 67 - -61?
138
In base 13, what is -534 + 2?
-532
In base 4, what is 10 + 113?
123
In base 7, what is 2 - 1336?
-1334
In base 7, what is -2131 - -5?
-2123
In base 11, what is -4 + 1580?
1577
In base 9, what is -16 - -52?
35
In base 9, what is -24 + 7?
-16
In base 11, what is -4 - -24a?
246
In base 9, what is -42 - -7?
-34
In base 10, what is -82 - -88?
6
In base 6, what is -442 - -25?
-413
In base 3, what is -100 + -2101?
-2201
In base 7, what is 12 + 123?
135
In base 6, what is 3 + -320?
-313
In base 10, what is 12 + 73?
85
In base 8, what is 206 + 0?
206
In base 15, what is 5e - -8e?
ed
In base 16, what is -37 - 31?
-68
In base 4, what is -20223 + -3?
-20232
In base 7, what is 0 - -220?
220
In base 13, what is -29 - -13?
-16
In base 16, what is 10 + -10?
0
In base 15, what is -13 - 11c?
-130
In base 9, what is -21 + 3?
-17
In base 13, what is a + 37?
44
In base 16, what is 111 + -4?
10d
In base 11, what is -172a - -3?
-1727
In base 2, what is 10 + 1001100101?
1001100111
In base 9, what is -571 + -3?
-574
In base 11, what is -182 + -6?
-188
In base 10, what is 9817 + 4?
9821
In base 8, what is -1624 - 2?
-1626
In base 16, what is -5 + -36?
-3b
In base 12, what is 647 - -18?
663
In base 4, what is -31 - -221?
130
In base 15, what is 34e + 9?
358
In base 11, what is -133 - 0?
-133
In base 9, what is -5 - 31?
-36
In base 11, what is 16 + -17?
-1
In base 9, what is -3 + -50?
-53
In base 8, what is 76 + 5?
103
In base 4, what is 11001 - -1?
11002
In base 4, what is 310 - -1032?
2002
In base 6, what is 5 - 32?
-23
In base 5, what is -333 + -1012?
-1400
In base 11, what is 61 + 4?
65
In base 5, what is 104 + 40?
144
In base 9, what is 4 - -142?
146
In base 3, what is 11 + 1111?
1122
In base 9, what is 2487 + 0?
2487
In base 3, what is -120 - 211?
-1101
In base 7, what is -231 - 3?
-234
In base 7, what is -665 - 10?
-1005
In base 12, what is -23 - 4?
-27
In base 3, what is 2 + 22?
101
In base 6, what is -2004 + -10?
-2014
In base 15, what is 4b8 - -2?
4ba
In base 12, what is -56 + 2?
-54
In base 10, what is -4 + 755?
751
In base 16, what is -13 - -2?
-11
In base 5, what is -10441 - 3?
-10444
In base 11, what is -337 - 25?
-361
In base 16, what is 123 + -2?
121
In base 12, what is -298 + 4?
-294
In base 12, what is -31 - -2a?
-3
In base 6, what is -4 - -555?
551
In base 2, what is 11 - -11000000100?
11000000111
In base 6, what is -20 - -141?
121
In base 14, what is -94 + -3?
-97
In base 12, what is 16 - 0?
16
In base 4, what is 3 - -30?
33
In base 2, what is 100 + -11001?
-10101
In base 4, what is -313 - -11?
-302
In base 3, what is 1000 + -120?
110
In base 7, what is 36 - -5?
44
In base 6, what is 2 - 10213?
-10211
In base 7, what is 10 - 0?
10
In base 9, what is -5 - -571?
565
In base 9, what is 472 - 0?
472
In base 12, what is -1 + a?
9
In base 12, what is -41 - -a?
-33
In base 8, what is 0 + -3301?
-3301
In base 15, what is 2 - -13c?
13e
In base 10, what is 1 - 3074?
-3073
In base 6, what is 4 + -254?
-250
In base 10, what is -198 + 9?
-189
In base 9, what is 4 - 666?
-662
In base 13, what is 8 + -7?
1
In base 6, what is 10523 - -2?
10525
In base 13, what is -1328 - -1?
-1327
In base 6, what is 1 + 5040?
5041
In base 3, what is -2 - -21000?
20221
In base 12, what is bb + 38?
137
In base 7, what is -116 - 0?
-116
In base 2, what is -1001111000010 + -100?
-1001111000110
In base 9, what is 13 - 4?
8
In base 7, what is 105 - 1?
104
In base 16, what is 6 - 13?
-d
In base 16, what is 516 + -1?
515
In base 4, what is -123 + 1?
-122
In base 15, what is -78 + 2e?
-49
In base 9, what is -1871 + 5?
-1865
In base 8, what is 30 - -732?
762
In base 12, what is b8 - 3?
b5
In base 3, what is 22202001 + 0?
22202001
In base 8, what is -1 + -37?
-40
In base 15, what is 51d - -5?
523
In base 16, what is -2d5 + -3?
-2d8
In base 11, what is 219 + 7?
225
In base 16, what is 2 - -23?
25
In base 10, what is 7 + -4?
3
In base 16, what is -9 - b?
-14
In base 11, what is -5 + 560?
556
In base 6, what is -245 + -515?
-1204
In base 14, what is -10 + -34?
-44
In base 11, what is -3a2 - -10?
-392
In base 8, what is 2 + -307?
-305
In base 9, what is -4 + -50?
-54
In base 4, what is -10131 - 13?
-10210
In base 3, what is -1001112 + 10?
-1001102
In base 8, what is 2637 - 4?
2633
In base 3, what is 10011 - 22?
2212
In base 5, what is 10000 - 3?
4442
In base 6, what is 3304 - 1?
3303
In base 16, what is 19 + c?
25
In base 7, what is 3621 + -35?
3553
In base 16, what is -1a8 + 7?
-1a1
In base 7, what is -230 - 4?
-234
In base 16, what is -8 + -6?
-e
In base 14, what is 1 - 10?
-d
In base 13, what is -45 + 4?
-41
In base 10, what is -724 + 2?
-722
In base 7, what is 4 - -120?
124
In base 5, what is 3 + 202?
210
In base 14, what is 0 + -38?
-38
In base 15, what is 4113 + -2?
4111
In base 12, what is 259 + 7?
264
In base 3, what is -21 - -202010?
201212
In base 4, what is 11 + 300?
311
In base 2, what is -101111111000 - 101?
-101111111101
In base 15, what is -35 - -5?
-30
In base 3, what is 2022 - -1?
2100
In base 6, what is -31 - 2?
-33
In base 10, what is -15 - 259?
-274
In base 3, what is 10 + 110121?
110201
In base 3, what is -11 - 221102?
-221120
In base 16, what is -1 - 1602?
-1603
In base 10, what is -41 + -138?
-179
In base 16, what is 4 - 715?
-711
In base 11, what is 5 - 15?
-10
In base 9, what is 3768 - -7?
3776
In base 8, what is -714 - -5?
-707
In base 3, what is 11020201 + -10?
11020121
In base 16, what is 3 + -3b?
-38
In base 10, what is -184 + 2?
-182
In base 16, what is 1 + 23?
24
In base 3, what is -1101 + 12?
-1012
In base 2, what is -1 - 1001010011?
-1001010